e the greatest common factor of p and 4.
4
Let f = 19642 - 19512. What is the highest common factor of f and 800?
10
Suppose -30*f + 105*f - 51496 = 108554. What is the highest common divisor of f and 3104?
194
Let m = 62 + -52. Suppose -2*s - 12 = -5*w - 57, 39 = 2*s - 3*w. Calculate the highest common divisor of m and s.
5
Let s = -11351 + 45996. What is the highest common divisor of s and 169?
169
Suppose 0 = t - 3*g - 479, -38*t + 41*t = 2*g + 1402. Calculate the greatest common factor of 290 and t.
58
Let h = 3353 - 3241. What is the highest common divisor of h and 80?
16
Let t = -14 + 10. Let m be (-6)/t*(9340/15 - -2). Suppose -6*q + m = -233. What is the greatest common factor of 15 and q?
15
Let t = -231 - -156. Let f(b) = -b**2 + 36*b - 343. Let a be f(22). Let u = a - t. Calculate the greatest common factor of u and 10.
10
Let w = -262 + 405. What is the highest common divisor of w and 6864?
143
Suppose 23*c + 5033 = -533. Let x be (-2)/8 + 2*c/(-16). What is the greatest common divisor of 45 and x?
15
Let a(r) = 33*r - 2. Let x be a(-2). Let p = -21 - -57. Let f = p - x. What is the highest common factor of 26 and f?
26
Suppose 181*q - 27972 = 33*q. What is the highest common divisor of 351 and q?
27
Suppose -5*u = -130 - 950. Let s(p) = -56*p - 40. Let y be s(-1). Calculate the highest common divisor of u and y.
8
Let z(l) = 1141*l + 4895. Let r be z(15). What is the highest common factor of r and 310?
310
Let s be (6 + 1 + 1311/(-76))*-316. Calculate the greatest common factor of 123 and s.
41
Suppose 0 = 46*d - 61*d + 30. Suppose -4*s - 19*q + 776 = -17*q, 0 = -d*q - 8. What is the greatest common divisor of s and 56?
28
Suppose 31*u - 62*u + 155 = 0. Calculate the highest common factor of 47 and u.
1
Suppose -14*s = -44*s + 90. Suppose 0 = z + s*a - 36, 0 = 5*z + 5*a - 24 - 126. What is the highest common factor of 1 and z?
1
Let p be -4 + 345/(-3)*-2. What is the greatest common divisor of 3277 and p?
113
Let p(o) be the second derivative of 1/12*o**4 + 0 - 5/6*o**3 + 0*o**2 + 36*o. Let k be p(8). What is the greatest common factor of k and 2?
2
Suppose 8*v - 44 + 20 = 0. Suppose 0 = -a + t + 273, 2*a + v*t = 7*t + 546. Calculate the greatest common divisor of a and 39.
39
Let s(x) = x**3 + 13*x**2 - 25*x - 134. Let o be s(-14). Let v(j) = j**2 - 14*j + 25. Let h be v(29). Calculate the greatest common divisor of o and h.
20
Let r(p) = 7*p + 44. Let i be r(3). Let y = i - 55. Suppose -2*l = -0*l - 4. What is the greatest common divisor of l and y?
2
Suppose 0 = 6*n - 6 - 0. Let m be n + 158 + -6 + 3. What is the highest common factor of 117 and m?
39
Suppose -33438 + 778 = -355*n. Calculate the greatest common divisor of 12098 and n.
46
Suppose -3*p = 4*w + w - 34, -2*w = -2*p - 4. Suppose 21*g - 1870 = 1469. What is the greatest common factor of g and p?
3
Suppose -73*t + 10416 + 315 = 0. Let s(d) = d**2 + d. Let k be s(-7). Calculate the highest common factor of t and k.
21
Suppose 5*g - 625 = -2*x + 30, -x = -2*g + 253. Let h = g - 59. Let q = h + -25. Calculate the greatest common divisor of q and 9.
9
Let g be 0*(3/1)/3. Suppose g = 11*c + 20 + 24. Let w be 6/c*(-7 - 3). Calculate the highest common divisor of 9 and w.
3
Suppose -90*f - 3557 - 3973 = -341*f. Calculate the highest common divisor of 18450 and f.
30
Let y(p) = 10*p**2 - 9*p + 17. Let u be y(-5). Calculate the highest common factor of u and 1976.
104
Suppose 9*f - 3*f - 1824 = 0. Let u = f - 290. What is the greatest common factor of u and 70?
14
Let d(i) = 19*i - 136. Let p be d(6). Let s(x) = x**3 + 21*x**2 - 21*x + 31. Let y be s(p). Calculate the highest common divisor of 33 and y.
3
Let b be ((-30)/25)/2 + 849/15. Suppose 331*a - 322*a - 1260 = 0. What is the highest common factor of a and b?
28
Suppose -4*h + 367 = 7. Let z = h - -222. What is the highest common divisor of 39 and z?
39
Suppose 169*b + 233 = 2261. Suppose 6 = 2*i - 5*m, 2*i + 0*m + 5*m = 26. What is the highest common divisor of b and i?
4
Let z = -1883 - -1905. Calculate the greatest common factor of 1573 and z.
11
Let h be (-1)/(-1) + -2 - -85. Let d be 4/(-26) - 145200/572. Let q = -226 - d. Calculate the greatest common factor of h and q.
28
Suppose 0 = -5*y - 5*o - 13955, -2*y = 5*o + 4250 + 1347. Let v be (-4)/22 + y/(-77). What is the greatest common divisor of v and 90?
18
Suppose -4*h + 11397 = 4*g + 401, -3*g = 5*h - 8253. Calculate the highest common factor of 2 and g.
2
Let q(o) = -o**2 + 11*o - 4. Let g be -14*(-28)/(4/1). Let v = -89 + g. Let d be q(v). What is the highest common factor of d and 14?
14
Suppose 52551 - 53253 = -39*y. Suppose 3*a = 5*x - 217 + 947, -4*a + 3*x + 955 = 0. Let g = -163 + a. Calculate the highest common factor of y and g.
18
Suppose -71706 = -41*a + 110908. Calculate the highest common divisor of 34 and a.
34
Suppose 2*c + 315 = 11*c. What is the greatest common divisor of c and 395?
5
Let s(z) = -16*z + 85. Let d(o) = -1. Let m(j) = 6*d(j) + s(j). Let h be m(-17). What is the greatest common factor of h and 27?
27
Let v(z) = -2*z**2 + 20*z + 2. Let m be v(10). Suppose -m = -h - h. Calculate the greatest common factor of 20 and h.
1
Suppose 4*t + 12 = 6*t. Suppose -s + t = 3*z - 8, 5*z = 5*s + 10. Suppose 12 + 16 = z*v. What is the greatest common factor of 28 and v?
7
Suppose 3*u - 9 = 6. Suppose 12 = u*r + r. Suppose 0 = r*k + 1 - 11. Calculate the greatest common factor of k and 35.
5
Suppose 6*o + 183 = 273. What is the greatest common factor of o and 1905?
15
Let t = -18574 - -18646. Calculate the highest common divisor of 909 and t.
9
Let q(j) = 6*j + 1. Let i be q(3). Suppose -4*z = -2*g - 0*g - 8, 0 = 4*z - 4*g - 16. Suppose v - 20 - i = z. Calculate the highest common factor of 26 and v.
13
Let s = 416 + 1408. What is the greatest common factor of 836 and s?
76
Let g(i) = 2*i - 1 + 4 + 2*i**2 + 6*i + 3. Let m be g(-5). Let h(r) = 194*r + 630. Let z be h(-3). Calculate the highest common factor of m and z.
16
Suppose 370 = 4*r + 378. Let h be (1 + -2 + r)*141/(-9). What is the greatest common divisor of h and 799?
47
Let j(h) = -191*h - 200. Let w be j(-2). Let o be (1*(0 + 1))/((-15)/(-1170)). What is the greatest common divisor of o and w?
26
Let u(x) = -25 - 2*x + 7*x + 54 - 38. Let z be u(7). Suppose -5*b - 115 = 5*v - 505, 0 = 3*v + b - 234. Calculate the greatest common factor of z and v.
26
Suppose 34 = -f + 3*f - 2*x, 0 = 3*x - 15. Suppose 342 = 5*z - 3*y, 4*z - 337 = 5*y - 53. Suppose 4*h = 2*h + z. What is the greatest common factor of h and f?
11
Suppose a - 14395 = -3*z, 10*z + 36*a = 40*a + 48020. Calculate the highest common factor of z and 100.
100
Let q(d) = -56 + 28 + 2*d**3 + 30 - 3*d - d**3 + 4*d**2 + 0*d**3. Let i be q(-4). What is the highest common divisor of 112 and i?
14
Let h(k) = -46*k**3 + k**2 + k + 4. Let r be h(-2). Suppose -r = -28*b + 11*b. Calculate the greatest common divisor of 66 and b.
22
Suppose 3429*g - 30305 = 3410*g. What is the greatest common factor of g and 580?
145
Let t be (-317)/(8 + -16 + 7). Suppose t = -24*a + 893. What is the greatest common divisor of 3 and a?
3
Let o = 14019 + -14004. What is the highest common divisor of o and 345?
15
Suppose 3*z = -0*z + 45. Let x = -4194 - -4344. Calculate the highest common divisor of x and z.
15
Let p(x) = -2*x + 77. Let h be p(43). Let m be 42/h*72/(-84). Let r be (-4)/6 + 134/3. Calculate the highest common divisor of m and r.
4
Let d be (8 - (-180)/3)*(-21)/(-12). Let f(a) = a**3 - 6*a**2 - 7*a - 7. Let v be f(6). Let y = v + d. Calculate the greatest common divisor of y and 14.
14
Suppose -b - 4*z = -3548, -z - 6517 = -2*b + 552. Suppose -14*o = 3*o - b. Let m = o + -44. What is the greatest common factor of m and 41?
41
Let a = -3094 + 3084. Suppose -2*w - 7 = -p - 1, 3*w + p = -4. Let v be (a/5 - 138)/w. Calculate the highest common divisor of 10 and v.
10
Suppose 67*t - 544 = 59*t. Calculate the greatest common factor of t and 391.
17
Let m(t) = -t**3 + t**2 + 4*t - 1. Let d(w) = 0 - w - 17 - w. Let a be d(-7). Let x be m(a). What is the greatest common divisor of 69 and x?
23
Suppose -3*k = 33 + 15. Let j = k - -37. Suppose -5*x = 2*p - p - 169, 5*p + 4*x = 929. What is the greatest common divisor of p and j?
21
Let p(d) = 270*d**2 + 5